{"id":11,"date":"2018-12-19T16:46:38","date_gmt":"2018-12-19T15:46:38","guid":{"rendered":"https:\/\/cbdoel24.eu\/shop\/bezahlmoeglichkeiten\/"},"modified":"2021-08-31T20:36:48","modified_gmt":"2021-08-31T18:36:48","slug":"bezahlmoeglichkeiten","status":"publish","type":"page","link":"https:\/\/cbdoel24.eu\/shop\/bezahlmoeglichkeiten\/","title":{"rendered":"Zahlungsarten"},"content":{"rendered":"<p>Das Bezahlsystem <strong>KLARNA<\/strong> hat seit Wochen Probleme und bringt nahezu t\u00e4glich ein Update heraus, wo Fehler angeblich behoben wurden, dennoch haben wir t\u00e4gliche Zahlungsabbr\u00fcche und damit verbundene, extreme Support-Anfragen, weil das Zahlsystem Klarna derzeit fehlerhaft arbeitet.<\/p>\n<p>Dadurch haben wir nunmehr entschieden, vorerst die Bezahlm\u00f6glichkeit KLARNA nicht mehr anzubieten, um unseren Kunden und uns viel \u00c4rger zu ersparen. Wir hoffen, dass Klarna schnellstm\u00f6glich den Fehler beheben wird.<\/p>\n<p>Bitte nutzen Sie die Zahlungsoption <strong>VORAUSKASSE<\/strong>. Wenn Sie Online \u00fcberweisen, ist die Zahlung meist am gleichen Tag bei uns verbucht und die Bestellung verl\u00e4sst in der Regel noch am gleichen Tag unser Lager. Wir danken f\u00fcr Ihr Verst\u00e4ndnis und entschuldigen uns noch einmal bei allen Betroffenen.<\/p>\n<p><span style=\"text-decoration: underline;\">Diese Bezahlm\u00f6glichkeiten haben Sie bei uns:<\/span><\/p>\n<div class=\"woocommerce woocommerce-gzd\">\n\t<ul class=\"payment_methods methods\">\n\t\t\t\t\t<li class=\"payment_method_bacs\">\n\t\t\t\t<label>Vorkasse \/ Direkte Bank\u00fcberweisung (NUR DEUTSCHLAND &amp; EU!)<\/label>\n\t\t\t\t\t\t\t\t\t<div class=\"payment_box payment_method_bacs\">\n\t\t\t\t\t\t<p>\u00dcberweise bitte direkt an unsere Bankverbindung bei der Hamburger Sparkasse. Die Kontoverbindung erh\u00e4ltst Du mit der Rechnung. Bitte nutze die Bestellnummer oder die Rechnungsnummer als Verwendungszweck. Deine Bestellung wird erst nach Geldeingang auf unserem Konto versandt. Wir h\u00e4tten gerne PayPal als Zahlungsart angeboten, aber leider verst\u00f6\u00dft das gegen die PayPal Richtlinien. Produkte mit CBD d\u00fcrfen nicht mit PayPal bezahlt werden. \u00dcberweisungen sind meist am gleichen Tag binnen weniger Stunden gebucht. Sobald der Zahlungseingang verbucht ist, geht die Bestellung meist am gleichen Tag noch raus!<\/p>\n\t\t\t\t\t<\/div>\n\t\t\t\t\t\t\t<\/li>\n\t\t\t<\/ul>\n<\/div>\n","protected":false},"excerpt":{"rendered":"<p>Das Bezahlsystem KLARNA hat seit Wochen Probleme und bringt nahezu t\u00e4glich ein Update heraus, wo Fehler angeblich behoben wurden, dennoch haben wir t\u00e4gliche Zahlungsabbr\u00fcche und damit verbundene, extreme Support-Anfragen, weil das Zahlsystem Klarna derzeit fehlerhaft arbeitet. Dadurch haben wir nunmehr entschieden, vorerst die Bezahlm\u00f6glichkeit KLARNA nicht mehr anzubieten, um unseren Kunden und uns viel \u00c4rger [&hellip;]<\/p>\n","protected":false},"author":1,"featured_media":0,"parent":0,"menu_order":0,"comment_status":"closed","ping_status":"closed","template":"","meta":{"site-sidebar-layout":"right-sidebar","site-content-layout":"plain-container","ast-site-content-layout":"default","site-content-style":"default","site-sidebar-style":"default","ast-global-header-display":"","ast-banner-title-visibility":"","ast-main-header-display":"","ast-hfb-above-header-display":"","ast-hfb-below-header-display":"","ast-hfb-mobile-header-display":"","site-post-title":"disabled","ast-breadcrumbs-content":"","ast-featured-img":"disabled","footer-sml-layout":"","ast-disable-related-posts":"","theme-transparent-header-meta":"default","adv-header-id-meta":"","stick-header-meta":"default","header-above-stick-meta":"","header-main-stick-meta":"","header-below-stick-meta":"","astra-migrate-meta-layouts":"default","ast-page-background-enabled":"default","ast-page-background-meta":{"desktop":{"background-color":"var(--ast-global-color-4)","background-image":"","background-repeat":"repeat","background-position":"center center","background-size":"auto","background-attachment":"scroll","background-type":"","background-media":"","overlay-type":"","overlay-color":"","overlay-opacity":"","overlay-gradient":""},"tablet":{"background-color":"","background-image":"","background-repeat":"repeat","background-position":"center center","background-size":"auto","background-attachment":"scroll","background-type":"","background-media":"","overlay-type":"","overlay-color":"","overlay-opacity":"","overlay-gradient":""},"mobile":{"background-color":"","background-image":"","background-repeat":"repeat","background-position":"center center","background-size":"auto","background-attachment":"scroll","background-type":"","background-media":"","overlay-type":"","overlay-color":"","overlay-opacity":"","overlay-gradient":""}},"ast-content-background-meta":{"desktop":{"background-color":"var(--ast-global-color-5)","background-image":"","background-repeat":"repeat","background-position":"center center","background-size":"auto","background-attachment":"scroll","background-type":"","background-media":"","overlay-type":"","overlay-color":"","overlay-opacity":"","overlay-gradient":""},"tablet":{"background-color":"var(--ast-global-color-5)","background-image":"","background-repeat":"repeat","background-position":"center center","background-size":"auto","background-attachment":"scroll","background-type":"","background-media":"","overlay-type":"","overlay-color":"","overlay-opacity":"","overlay-gradient":""},"mobile":{"background-color":"var(--ast-global-color-5)","background-image":"","background-repeat":"repeat","background-position":"center center","background-size":"auto","background-attachment":"scroll","background-type":"","background-media":"","overlay-type":"","overlay-color":"","overlay-opacity":"","overlay-gradient":""}},"footnotes":""},"class_list":["post-11","page","type-page","status-publish","hentry"],"yoast_head":"<!-- This site is optimized with the Yoast SEO plugin v27.0 - https:\/\/yoast.com\/product\/yoast-seo-wordpress\/ -->\n<title>Zahlungsarten<\/title>\n<meta name=\"robots\" content=\"index, follow, max-snippet:-1, max-image-preview:large, max-video-preview:-1\" \/>\n<link rel=\"canonical\" href=\"https:\/\/cbdoel24.eu\/shop\/bezahlmoeglichkeiten\/\" \/>\n<meta property=\"og:locale\" content=\"de_DE\" \/>\n<meta property=\"og:type\" content=\"article\" \/>\n<meta property=\"og:title\" content=\"Zahlungsarten\" \/>\n<meta property=\"og:description\" content=\"Das Bezahlsystem KLARNA hat seit Wochen Probleme und bringt nahezu t\u00e4glich ein Update heraus, wo Fehler angeblich behoben wurden, dennoch haben wir t\u00e4gliche Zahlungsabbr\u00fcche und damit verbundene, extreme Support-Anfragen, weil das Zahlsystem Klarna derzeit fehlerhaft arbeitet. Dadurch haben wir nunmehr entschieden, vorerst die Bezahlm\u00f6glichkeit KLARNA nicht mehr anzubieten, um unseren Kunden und uns viel \u00c4rger [&hellip;]\" \/>\n<meta property=\"og:url\" content=\"https:\/\/cbdoel24.eu\/shop\/bezahlmoeglichkeiten\/\" \/>\n<meta property=\"og:site_name\" content=\"CBD \u00d6l Shop\" \/>\n<meta property=\"article:modified_time\" content=\"2021-08-31T18:36:48+00:00\" \/>\n<meta name=\"twitter:card\" content=\"summary_large_image\" \/>\n<meta name=\"twitter:label1\" content=\"Gesch\u00e4tzte Lesezeit\" \/>\n\t<meta name=\"twitter:data1\" content=\"1\u00a0Minute\" \/>\n<script type=\"application\/ld+json\" class=\"yoast-schema-graph\">{\"@context\":\"https:\/\/schema.org\",\"@graph\":[{\"@type\":\"WebPage\",\"@id\":\"https:\/\/cbdoel24.eu\/shop\/bezahlmoeglichkeiten\/\",\"url\":\"https:\/\/cbdoel24.eu\/shop\/bezahlmoeglichkeiten\/\",\"name\":\"Zahlungsarten\",\"isPartOf\":{\"@id\":\"https:\/\/cbdoel24.eu\/shop\/#website\"},\"datePublished\":\"2018-12-19T15:46:38+00:00\",\"dateModified\":\"2021-08-31T18:36:48+00:00\",\"breadcrumb\":{\"@id\":\"https:\/\/cbdoel24.eu\/shop\/bezahlmoeglichkeiten\/#breadcrumb\"},\"inLanguage\":\"de\",\"potentialAction\":[{\"@type\":\"ReadAction\",\"target\":[\"https:\/\/cbdoel24.eu\/shop\/bezahlmoeglichkeiten\/\"]}]},{\"@type\":\"BreadcrumbList\",\"@id\":\"https:\/\/cbdoel24.eu\/shop\/bezahlmoeglichkeiten\/#breadcrumb\",\"itemListElement\":[{\"@type\":\"ListItem\",\"position\":1,\"name\":\"Start\",\"item\":\"https:\/\/cbdoel24.eu\/shop\/\"},{\"@type\":\"ListItem\",\"position\":2,\"name\":\"Zahlungsarten\"}]},{\"@type\":\"WebSite\",\"@id\":\"https:\/\/cbdoel24.eu\/shop\/#website\",\"url\":\"https:\/\/cbdoel24.eu\/shop\/\",\"name\":\"CBD \u00d6l Shop\",\"description\":\"CBD \u00d6l kaufen in unserem sicheren Online Shop mit K\u00e4uferschutz!\",\"publisher\":{\"@id\":\"https:\/\/cbdoel24.eu\/shop\/#organization\"},\"potentialAction\":[{\"@type\":\"SearchAction\",\"target\":{\"@type\":\"EntryPoint\",\"urlTemplate\":\"https:\/\/cbdoel24.eu\/shop\/?s={search_term_string}\"},\"query-input\":{\"@type\":\"PropertyValueSpecification\",\"valueRequired\":true,\"valueName\":\"search_term_string\"}}],\"inLanguage\":\"de\"},{\"@type\":\"Organization\",\"@id\":\"https:\/\/cbdoel24.eu\/shop\/#organization\",\"name\":\"CBD \u00d6l Shop\",\"url\":\"https:\/\/cbdoel24.eu\/shop\/\",\"logo\":{\"@type\":\"ImageObject\",\"inLanguage\":\"de\",\"@id\":\"https:\/\/cbdoel24.eu\/shop\/#\/schema\/logo\/image\/\",\"url\":\"https:\/\/cbdoel24.eu\/shop\/wp-content\/uploads\/2018\/12\/cbd_oel_logo_600_140.png\",\"contentUrl\":\"https:\/\/cbdoel24.eu\/shop\/wp-content\/uploads\/2018\/12\/cbd_oel_logo_600_140.png\",\"width\":600,\"height\":140,\"caption\":\"CBD \u00d6l Shop\"},\"image\":{\"@id\":\"https:\/\/cbdoel24.eu\/shop\/#\/schema\/logo\/image\/\"}}]}<\/script>\n<!-- \/ Yoast SEO plugin. -->","yoast_head_json":{"title":"Zahlungsarten","robots":{"index":"index","follow":"follow","max-snippet":"max-snippet:-1","max-image-preview":"max-image-preview:large","max-video-preview":"max-video-preview:-1"},"canonical":"https:\/\/cbdoel24.eu\/shop\/bezahlmoeglichkeiten\/","og_locale":"de_DE","og_type":"article","og_title":"Zahlungsarten","og_description":"Das Bezahlsystem KLARNA hat seit Wochen Probleme und bringt nahezu t\u00e4glich ein Update heraus, wo Fehler angeblich behoben wurden, dennoch haben wir t\u00e4gliche Zahlungsabbr\u00fcche und damit verbundene, extreme Support-Anfragen, weil das Zahlsystem Klarna derzeit fehlerhaft arbeitet. Dadurch haben wir nunmehr entschieden, vorerst die Bezahlm\u00f6glichkeit KLARNA nicht mehr anzubieten, um unseren Kunden und uns viel \u00c4rger [&hellip;]","og_url":"https:\/\/cbdoel24.eu\/shop\/bezahlmoeglichkeiten\/","og_site_name":"CBD \u00d6l Shop","article_modified_time":"2021-08-31T18:36:48+00:00","twitter_card":"summary_large_image","twitter_misc":{"Gesch\u00e4tzte Lesezeit":"1\u00a0Minute"},"schema":{"@context":"https:\/\/schema.org","@graph":[{"@type":"WebPage","@id":"https:\/\/cbdoel24.eu\/shop\/bezahlmoeglichkeiten\/","url":"https:\/\/cbdoel24.eu\/shop\/bezahlmoeglichkeiten\/","name":"Zahlungsarten","isPartOf":{"@id":"https:\/\/cbdoel24.eu\/shop\/#website"},"datePublished":"2018-12-19T15:46:38+00:00","dateModified":"2021-08-31T18:36:48+00:00","breadcrumb":{"@id":"https:\/\/cbdoel24.eu\/shop\/bezahlmoeglichkeiten\/#breadcrumb"},"inLanguage":"de","potentialAction":[{"@type":"ReadAction","target":["https:\/\/cbdoel24.eu\/shop\/bezahlmoeglichkeiten\/"]}]},{"@type":"BreadcrumbList","@id":"https:\/\/cbdoel24.eu\/shop\/bezahlmoeglichkeiten\/#breadcrumb","itemListElement":[{"@type":"ListItem","position":1,"name":"Start","item":"https:\/\/cbdoel24.eu\/shop\/"},{"@type":"ListItem","position":2,"name":"Zahlungsarten"}]},{"@type":"WebSite","@id":"https:\/\/cbdoel24.eu\/shop\/#website","url":"https:\/\/cbdoel24.eu\/shop\/","name":"CBD \u00d6l Shop","description":"CBD \u00d6l kaufen in unserem sicheren Online Shop mit K\u00e4uferschutz!","publisher":{"@id":"https:\/\/cbdoel24.eu\/shop\/#organization"},"potentialAction":[{"@type":"SearchAction","target":{"@type":"EntryPoint","urlTemplate":"https:\/\/cbdoel24.eu\/shop\/?s={search_term_string}"},"query-input":{"@type":"PropertyValueSpecification","valueRequired":true,"valueName":"search_term_string"}}],"inLanguage":"de"},{"@type":"Organization","@id":"https:\/\/cbdoel24.eu\/shop\/#organization","name":"CBD \u00d6l Shop","url":"https:\/\/cbdoel24.eu\/shop\/","logo":{"@type":"ImageObject","inLanguage":"de","@id":"https:\/\/cbdoel24.eu\/shop\/#\/schema\/logo\/image\/","url":"https:\/\/cbdoel24.eu\/shop\/wp-content\/uploads\/2018\/12\/cbd_oel_logo_600_140.png","contentUrl":"https:\/\/cbdoel24.eu\/shop\/wp-content\/uploads\/2018\/12\/cbd_oel_logo_600_140.png","width":600,"height":140,"caption":"CBD \u00d6l Shop"},"image":{"@id":"https:\/\/cbdoel24.eu\/shop\/#\/schema\/logo\/image\/"}}]}},"_links":{"self":[{"href":"https:\/\/cbdoel24.eu\/shop\/wp-json\/wp\/v2\/pages\/11","targetHints":{"allow":["GET"]}}],"collection":[{"href":"https:\/\/cbdoel24.eu\/shop\/wp-json\/wp\/v2\/pages"}],"about":[{"href":"https:\/\/cbdoel24.eu\/shop\/wp-json\/wp\/v2\/types\/page"}],"author":[{"embeddable":true,"href":"https:\/\/cbdoel24.eu\/shop\/wp-json\/wp\/v2\/users\/1"}],"replies":[{"embeddable":true,"href":"https:\/\/cbdoel24.eu\/shop\/wp-json\/wp\/v2\/comments?post=11"}],"version-history":[{"count":5,"href":"https:\/\/cbdoel24.eu\/shop\/wp-json\/wp\/v2\/pages\/11\/revisions"}],"predecessor-version":[{"id":3755,"href":"https:\/\/cbdoel24.eu\/shop\/wp-json\/wp\/v2\/pages\/11\/revisions\/3755"}],"wp:attachment":[{"href":"https:\/\/cbdoel24.eu\/shop\/wp-json\/wp\/v2\/media?parent=11"}],"curies":[{"name":"wp","href":"https:\/\/api.w.org\/{rel}","templated":true}]}}